e prime factors of (47/(-47))/((-3)/17619).
7, 839
Let j = 331 - 138. What are the prime factors of j?
193
Let q(x) = 28*x**3 - 8*x**3 + 12*x**2 - 7*x**3 - 8*x + 20 - 14*x**3. List the prime factors of q(11).
53
Suppose 0 = 5*i - 2*g - 3475, -4*i + 3052 = -g + 272. What are the prime factors of i?
5, 139
Let o = 7334 + -1496. List the prime factors of o.
2, 3, 7, 139
Suppose 2*r + r + 2 = 4*w, 0 = -2*w + 2*r. Let o be 1/(3/(-66)*w). Let u = 44 + o. List the prime factors of u.
3, 11
Let h(k) = k**2 - k - 2. Let w be h(-1). Suppose -48 = -0*s - 4*s. Suppose t - s = -w*t. What are the prime factors of t?
2, 3
Let v = 18 - 20. Let k = 2 - v. What are the prime factors of 25 + -1 + (-8)/k?
2, 11
List the prime factors of (241/(-4))/(2 - (-50)/(-24)).
3, 241
Let c(w) = w - 3*w**2 - 5*w - 7 + 2*w**2. Let o be c(-7). Let j = 42 + o. What are the prime factors of j?
2, 7
Let v = 19 + -16. Suppose -v*o = -o - 210. What are the prime factors of o?
3, 5, 7
Let c be 386/4 - (-6)/12. Let s = c - 63. Suppose q = -3*g + 37, 2*q - s = -5*g + 36. List the prime factors of q.
5
Let y(g) = g**3 - 5*g**2 + 8*g + 6. Suppose d = -4*d - 10. Let f(x) = 5*x**3 - 19*x**2 + 32*x + 25. Let i(b) = d*f(b) + 9*y(b). List the prime factors of i(-8).
2
Suppose 19715 = 5*u - 5*a, -4*u + 4*a + 3946 = -3*u. List the prime factors of u.
2, 3, 73
Suppose -v - 2*j - 5 = 1, -5*v + 3*j - 4 = 0. Let u be 1/((-3)/12*v). Let n(y) = 4*y + 1. What are the prime factors of n(u)?
3
Suppose -5*b - 2*o - 14 = 0, 3*b - 1 = b - 3*o. Let g be (-4)/7*(-1)/(-4)*-14. What are the prime factors of (-211)/b + g/8?
53
Let i be 64/(-10)*110/(-44). Suppose u - 19 = -i. Suppose 7*r - u*r = 12. List the prime factors of r.
3
List the prime factors of 350 + -3*(-8)/12.
2, 11
Suppose 0 = -5*q + q + 64. Let j be 2508/110 - 1/(-5). Let b = j - q. What are the prime factors of b?
7
Let v(b) = 5*b**3 + b**2 + b. Let f be v(-1). Let y(l) = l**2 + 4*l - 5. Let k be y(f). Suppose k = -3*p + 2*p + 6. List the prime factors of p.
2, 3
List the prime factors of -3 - -2*41/1*1.
79
Let y be (-24)/(-18)*3/2. List the prime factors of (-5)/65*-1259 - y/(-13).
97
Let a = 8 - 17. Let o(i) = -i - 7. List the prime factors of o(a).
2
Let g = 1578 + -1078. List the prime factors of g.
2, 5
Let b = -366 - -585. What are the prime factors of b?
3, 73
Let p(v) = v**2 + 17*v + 40. Suppose 6*y + 47 = -91. List the prime factors of p(y).
2, 89
Let v = 317 - 559. Let d = v + 405. List the prime factors of d.
163
Suppose -g - 7*g = -2784. List the prime factors of g.
2, 3, 29
Let p be ((-8)/(-6))/(4/6). Let w(s) = s**3 - 2*s**2 + 4*s - 4. List the prime factors of w(p).
2
Suppose -316 = 4*w - 3*a, 5*w + a + 0*a + 376 = 0. Let s = -52 - w. What are the prime factors of s?
2, 3
Suppose -81 = 2*x + 4*f - 1045, -x + 3*f + 477 = 0. What are the prime factors of x?
2, 3, 5
Suppose -w = -22 + 60. Let u = 14 + w. List the prime factors of u/8 - (-66)/2.
2, 3, 5
Let a(w) = -w**3 - 8*w**2 - 14*w - 14. Let i be a(-6). What are the prime factors of i*((-1998)/4)/9?
3, 37
Suppose 2*v + 6 = 0, 0 = -i + 4*i + 2*v + 1674. Let m = -389 - i. Suppose 0 = 2*k - m + 67. What are the prime factors of k?
2, 5
Let j(n) = 4*n**3 + 8*n**2 - 4*n - 1. Let w(p) = -11*p**3 - 21*p**2 + 11*p + 2. Let b(h) = -8*j(h) - 3*w(h). Let a = 1 - 1. What are the prime factors of b(a)?
2
Suppose 3*g + 5*l = -14, -4*l - 20 = -3*g + g. Suppose 0 = 2*m - 2*r + 56, 3*m - 8*m - 146 = -g*r. What are the prime factors of (-1325)/m - 1/6?
2, 11
Suppose 0 = -15*o + 26*o - 2431. What are the prime factors of o?
13, 17
Let u(q) = 36*q**3 + q**2 - 8*q + 30. List the prime factors of u(3).
3, 7, 47
Let k(f) = -409*f**3 + f**2 - f - 1. Let d be k(-1). Suppose 5*w - 470 = d. List the prime factors of w.
2, 11
What are the prime factors of 165/(-12*4/(-1488))?
3, 5, 11, 31
Let y be 0*4/(1 + 11). Suppose -s - s + 90 = y. Suppose 9 + s = 2*g. What are the prime factors of g?
3
Suppose -8 - 15 = -l + 2*k, -4 = k. Suppose 814 = l*d - 686. List the prime factors of d.
2, 5
Let i = 499 - 290. What are the prime factors of i?
11, 19
Let v(s) = -s**2 - 5*s + 6. Let u be v(-6). Let i be u/(-3) + 4 + -2. What are the prime factors of i/((-40)/(-12) + -3)?
2, 3
Suppose -2*o = -5*n + 1447, -3*n + 2*o + 133 + 732 = 0. Suppose p + 44 = 5*b - n, -5*b + 315 = 3*p. List the prime factors of b.
2, 3, 11
Let i be (-12)/(-8)*12/(-9). List the prime factors of (3/i)/(21/(-490)).
5, 7
Suppose 9*t - 126*t + 291798 = 0. What are the prime factors of t?
2, 29, 43
Suppose x + 4*i + 24 = 68, -4*i - 148 = -2*x. What are the prime factors of x?
2
Suppose 0 = 2*j + 26 - 4. Let n = j + 14. What are the prime factors of n?
3
Suppose 2*v = -2*v - 16. Let o be (-6)/v + 9/(-2). List the prime factors of (-26)/o + (-2)/3.
2
Suppose -1232*r = -1238*r + 2364. What are the prime factors of r?
2, 197
Suppose -11 = -5*b - 1. Suppose b*u = 6, 0*u = -2*t - 3*u + 139. List the prime factors of t.
5, 13
Let a be (-6)/4*(-4900)/30. Let z = a + -131. List the prime factors of z.
2, 3, 19
Let t(u) = 60*u - 262. List the prime factors of t(23).
2, 13, 43
Let l = 1064 + -745. Let i = l - 227. What are the prime factors of i?
2, 23
Let f(r) = -r**3 + 2*r - 2. Let d be f(0). Let v be (10/(-15))/(d/(-87)). What are the prime factors of 0*3/(-9) - v?
29
Let h(f) = f**2 + 7*f + 4. Let i be h(-8). Suppose -4*k + 8*k = 4*t + i, -2*t = 3*k - 24. Suppose -k*v = -v - 65. What are the prime factors of v?
13
Suppose -4*v - 2 = -10. Suppose -3*y + a = -94, 16 = -y - v*a + 45. What are the prime factors of y?
31
Let m(j) = -5*j + 17. Let w(p) = -14*p + 50. Let y(o) = -17*m(o) + 6*w(o). Let t be y(-7). Suppose -61 = -5*b + t. List the prime factors of b.
13
Suppose 5*c - c = -3*l + 1338, 4*l - 5*c - 1815 = 0. Suppose -2*n + l = 3*n. List the prime factors of n.
2, 3, 5
Let y = 3498 + -84. What are the prime factors of y?
2, 3, 569
Let l(b) = -16*b**2 - 2*b + 1. Let i be l(1). Suppose 16 = -3*n + s - 13, 0 = -4*n + 2*s - 40. Let z = n - i. What are the prime factors of z?
2
Let j = 921 - -591. List the prime factors of j.
2, 3, 7
Suppose 2*a + 28 = 6*a. Let l(p) be the first derivative of -p**4/4 + 7*p**3/3 + 2*p**2 - 4*p + 19. List the prime factors of l(a).
2, 3
What are the prime factors of ((-73)/4)/((-8)/672)?
3, 7, 73
Let h = -7798 - -11000. List the prime factors of h.
2, 1601
Suppose -2*n = 2*i - 98, -3*i - 2*n = -0*i - 144. Suppose i = 2*k - 42. What are the prime factors of k?
2, 11
List the prime factors of (80/(-8))/(-3 + 290/97).
2, 5, 97
Suppose -14 = -3*h + 16. Let n be ((-12)/h)/((-3)/(-15)). Let f(b) = b**2 + 2*b - 6. What are the prime factors of f(n)?
2, 3
Let j(y) = 2*y**3 - 2*y**2 + 3*y - 1. Let r be j(3). Suppose -l + 9 = -5*h, 2*l = -4*h - 12 + r. What are the prime factors of -16*(l/4 - 4)?
2
Let o(c) be the third derivative of c**4/4 + c**3/6 - 6*c**2. Let a be o(-1). Let x(f) = f**2 - 3. List the prime factors of x(a).
2, 11
Let s(a) = -19*a**2 + 9*a. Let h(i) = -9*i**2 + 4*i. Let c(q) = -13*h(q) + 6*s(q). List the prime factors of c(-5).
5, 13
Suppose -4*k = 15 + 5. Let m(j) = 6*j**2 + 8*j + 26. What are the prime factors of m(k)?
2, 17
Let q = -1359 + 2008. List the prime factors of q.
11, 59
Suppose -9*g + 423 + 144 = 0. Let h = 98 - g. What are the prime factors of h?
5, 7
Let a(f) = 8 - 26 + 15 + 0*f + 5*f. List the prime factors of a(12).
3, 19
Let i be 3 + (22 - -3) + 4. List the prime factors of 39/312 + 2/(i/4782).
13, 23
Suppose -14 = 4*m - 2*d, -3*m - d + 6*d - 14 = 0. Let s be m/4 + (-177)/(-12). Let q = -5 + s. What are the prime factors of q?
3
Let c = 50 + 26. Let w = c - 41. Let u = w + 10. List the prime factors of u.
3, 5
Let u(r) be the third derivative of 11*r**4/6 - r**3/2 - 14*r**2. What are the prime factors of u(1)?
41
Let r(g) = 31*g + 1. Let x be r(-1). Let h = 56 + x. What are the prime factors of h?
2, 13
Let g be (-2 + 14)*25/10. Suppose 8*c - 274 - g = 0. List the prime factors of c.
2, 19
Let c be ((2 - 2) + -1)*-4. Suppose c*w + 8 = 5*w. What are the prime factors of w?
2
Let k be (0 - (3 - 3))/1. Suppose -5*f = -3*n - 350, k*n = -4*f + 4*n + 280. List the prime factors of f.
2, 5, 7
Suppose 6256 = 12*p - 10*p. What are the prime factors of p?
2, 17, 23
Let f = 296 - 76. Suppose -2*w - 44 + 200